-- http://www.phpmyadmin.net
--
-- Versão do servidor: 5.5.40




--
-- Database: `biblioteca`
--

-- --------------------------------------------------------

--
-- Estrutura da tabela `AUTOR`
--

CREATE TABLE IF NOT EXISTS `AUTOR` (
`CODIGO` int(6) NOT NULL,
  `DESCR` varchar(100) NOT NULL
) ENGINE=InnoDB AUTO_INCREMENT=578 DEFAULT CHARSET=utf8 COMMENT='Autores dos LIVROs';

--
-- Extraindo dados da tabela `AUTOR`
--

INSERT INTO `AUTOR` (`CODIGO`, `DESCR`) VALUES
(1, 'Jeff Sutherland'),
(2, 'Milton Friedman'),
(3, 'Locke'),
(4, 'Adam Smith'),
(5, 'Benjamin Constant'),
(6, 'Ludwig von Mises'),
(7, 'Rodrigo Constantino'),
(8, 'Ayn Rand'),
(9, 'Bob Fifer'),
(10, 'Nassim Nicholas Taleb'),
(11, 'Joseph Schumpter'),
(12, 'Edmund Burke'),
(13, 'Francis Fukuyama'),
(14, 'Friedrich A Hayek'),
(15, 'Daron Acemoglu'),
(16, 'Charles H Ferguson'),
(17, 'Laurentino Gomes'),
(18, 'Nicolau Maquiavel'),
(19, 'Jared Diamond'),
(20, 'Christopher Hitchens'),
(21, 'Yuval Noah Harari'),
(22, 'Luc Ferry'),
(23, 'Julian Baggini'),
(24, 'Pierre Bourdieu'),
(25, 'Alain de Botton'),
(26, 'Michael Foucault'),
(27, 'Hubert L Dreyfus'),
(28, 'Michael J Sandel'),
(29, 'Domenico De Masi'),
(30, 'Yoram Wind'),
(31, 'Marilena Chaui'),
(32, 'André Comte-Sponville'),
(33, 'Hannah Arendt'),
(34, 'Baruch de Espinosa'),
(35, 'Gilles Deleuze'),
(36, 'Steven Nadler'),
(37, 'Spinoza'),
(38, 'César Benjamin'),
(39, 'Saul Frampton'),
(40, 'René Descartes'),
(41, 'Luiz Felipe Pondé'),
(42, 'Clóvis de Barros Filho'),
(43, 'Laurent Bove'),
(44, 'Irvin D Yalom'),
(45, 'Douglas Stone'),
(46, 'Robert Mnookin'),
(47, 'Justin Skirry'),
(49, 'Peter L Bernstein'),
(50, 'Umair Haque'),
(51, 'John Cassidy'),
(53, 'Daniel Kahneman'),
(54, 'Adjiedj Bakas'),
(55, 'Paul Krugman'),
(56, 'Dan Ariely'),
(57, 'Steven D Levitt'),
(58, 'Stuart L Hart'),
(59, 'Eduardo Giannetti'),
(60, 'John Mackey'),
(61, 'Warren Buffett'),
(62, 'William R Rhodes'),
(63, 'Michael E Porter'),
(64, 'Henry Mintzberg'),
(65, 'Malcolm S Knowles'),
(66, 'Roland Deiser'),
(67, 'Tony Bingham'),
(68, 'Walter Kiechel III'),
(69, 'Harvard Business '),
(70, 'Max Hastings'),
(71, 'Carl von Clausewitz'),
(72, 'Dominic Lieven'),
(73, 'Rosabeth Moss Kanter'),
(74, 'Miyamoto Musashi'),
(75, 'David Allen'),
(76, 'John Kao'),
(77, 'Clayton M Christensen'),
(78, 'Edgar H Schein'),
(79, 'Charles Knight'),
(80, 'Steven J Spear'),
(81, 'Robert S. Kaplan'),
(82, 'Kevin Roberts'),
(83, 'Paul W. Farris'),
(84, 'Jeff Dyer'),
(85, 'Peter Fisk'),
(86, 'Malcolm Gladwell'),
(87, 'Cynthia A. Montgomery'),
(88, 'Rubens Sant Anna'),
(89, 'Seth Godin'),
(90, 'Youngme Moon'),
(91, 'Walter Longo'),
(92, 'Thomas L. Friedman'),
(93, 'Navi Rdjou'),
(94, 'Al Ries'),
(95, 'Vijay Govindarajan'),
(96, 'Dan Hill'),
(97, 'Jim Champy'),
(98, 'David Aaker'),
(99, 'Martin Lindstrom'),
(100, 'Arthur L. Jue'),
(101, 'Scott D. Anthony'),
(102, 'John Jantsch'),
(103, 'Chip Heath'),
(104, 'Fred Reichheld'),
(105, 'Stan Rapp'),
(106, 'Jonathan Gabay'),
(107, 'Philip Kotler'),
(108, 'Kevin Clancy'),
(109, 'Martha Gabriel'),
(110, 'Steven Johnson'),
(111, 'Malcolm McDonald'),
(112, 'Michael Gershman'),
(113, 'Christian Gronroos'),
(114, 'Ken Robinson'),
(115, 'Jonah Berger'),
(116, 'Don Tapscott'),
(117, 'Frederick F. Reichheld'),
(118, 'Joey Reiman'),
(119, 'Elidie P. Bifano'),
(120, 'Leonardo Berry'),
(121, 'Neale Martin'),
(122, 'Alberto Serrentino'),
(123, 'Sindasseio'),
(124, 'Ildo Enor Rodrigues de Almeida'),
(125, 'Gilberto Barrancos Romero'),
(126, 'Amador Paes de Almeida'),
(127, 'Fred Andrade'),
(128, 'José Wanderley de Araujo'),
(129, 'Rubens Lopes Júnior'),
(130, 'Carlos Mauritonio Nunes'),
(131, 'Antônio Celso Ribeiro Brasiliano'),
(132, 'Hélio Santiago Vaitsman'),
(133, 'Dale Carnegie'),
(134, 'Neil Rackham'),
(135, 'Mahan Khalsa'),
(136, 'Ram Charan'),
(137, 'Gerald Zaltman'),
(138, 'Jeff Thull'),
(139, 'Roy Alexander'),
(140, 'Ian Brooks'),
(141, 'Mike Schultz'),
(142, 'César Frazão'),
(143, 'Michael T. Bosworth'),
(144, 'Francisco J.S.M. Alvarez'),
(145, 'Bob Miglani'),
(146, 'Joe Girard'),
(147, 'Marcos Antonio de Sousa'),
(148, 'Carlos Alberto Júlio'),
(149, 'Jeffrey Gitomer'),
(150, 'Raúl Candeloro'),
(151, 'Ômar Souki'),
(152, 'Steven Gary Blank'),
(153, 'Denilton José da Silva'),
(154, 'Joan Koob Cannie'),
(155, 'Andris A. Zoltners'),
(156, 'Richard Dawkins'),
(157, 'John Locke'),
(158, 'Orlando Pavani Júnior'),
(159, 'Eliza Coral'),
(160, 'Antonio Nunes Barbosa Filho'),
(161, 'Carlos Magno Xavier'),
(162, 'Aswath Damodaran'),
(163, 'Caulhoun Wick'),
(164, 'Jeane C. Meister'),
(165, 'Falconi'),
(166, 'Mike Rother'),
(167, 'Joel Souza Dutra'),
(168, 'Koichi Shimokawa'),
(169, 'Jeffrey K. Liker'),
(170, 'Emi Osono'),
(171, 'Matthew E. May'),
(172, 'Durward K. Sobek'),
(173, 'Doug Lemov'),
(174, 'Chris A. Ortiz'),
(175, 'Shingeo Shingo'),
(176, 'David Mann'),
(177, 'Rivadávia Correa Drummond'),
(178, 'David Magee'),
(179, 'David Novak'),
(180, 'Barbara Kellerman'),
(181, 'Richard Koch'),
(182, 'Dave Ulrich'),
(183, 'Marcus Buckingham'),
(184, 'Atul Gawande'),
(185, 'John Wooden'),
(186, 'John P. Kotter'),
(187, 'Doug Lipp'),
(188, 'César Souza'),
(189, 'John C. Maxwell'),
(190, 'Jon R. Katzenbach'),
(191, 'Bill Conaty'),
(192, 'Patrick Lencioni'),
(193, 'Betania Tanure'),
(194, 'Saj Nicole Joni'),
(195, 'Stuart Crainer'),
(196, 'Morten T. Hansen'),
(197, 'Ken Blanchard'),
(198, 'Noel M. Tichy'),
(199, 'Rhandy Di Stéfano'),
(200, 'Luiz Fernando Garcia'),
(201, 'Thomas Davenport'),
(202, 'David Rohlander'),
(203, 'Theodoro Kinni'),
(204, 'Niel Pflaeging'),
(205, 'Hyrum W. Smith'),
(206, 'Keith McFarland'),
(207, 'Sidney Finkelstein'),
(208, 'Marshall Goldsmith'),
(209, 'Michael Levine'),
(210, 'Jack Welch'),
(211, 'Carlos Faccina'),
(212, 'Cristiane Correa'),
(213, 'Michael Lewis'),
(214, 'Anna Rowley '),
(215, 'Daniel Goleman'),
(216, 'Stephen Drotter'),
(217, 'David Caruso'),
(218, 'James Kouzes'),
(219, 'Ed Catmull'),
(220, 'Warren Bennis'),
(221, 'John Krakauer'),
(222, 'Alfred Lansing'),
(223, 'James Hunter'),
(224, 'Ross R. Reck'),
(225, 'John Naisbitt'),
(226, 'Capitão Roald Amundsen'),
(227, 'Roland Huntford'),
(228, 'John Grinder'),
(229, 'Andrea Lages'),
(230, 'Manfred Kets de Vries'),
(231, 'Patrick Merlevede'),
(232, 'John Whitmore'),
(233, 'David Clutterbuck'),
(234, 'Brian Underhill'),
(235, 'António Damásio'),
(236, 'Christopher Chabris'),
(237, 'Nuno Cobra'),
(238, 'Robert B. Cialdini'),
(239, 'Richard Davidson'),
(240, 'Gregory Berns'),
(241, 'Vera Rita de Mello Pereira'),
(242, 'Jon Elster'),
(243, 'Sharon Begley'),
(244, 'Nicholas A. Christakis'),
(245, 'Jonah Lehrer'),
(246, 'Sandra Aamodt'),
(247, 'Martin Seligman'),
(248, 'Zack Lynch'),
(249, 'Lawrence Katz'),
(250, 'Zygmunt Bauman'),
(251, 'Jill Bolte Taylor'),
(252, 'Marco Aurélio'),
(253, 'Sun Tzu'),
(254, 'Fernando Sabino'),
(255, 'Irmtraud Tarr'),
(256, 'Richard J. Leider'),
(257, 'Allan Percy'),
(258, 'Maria Eugênia de Castro'),
(259, 'Greg Mortenson'),
(260, 'Adam Grant'),
(261, 'David Brooks'),
(262, 'David Perlmutter'),
(263, 'Ray Kurzweil'),
(264, 'Christian Barbosa'),
(265, 'Randal Stross'),
(266, 'Susan Cain'),
(267, 'Augusto Cury'),
(268, 'Guy Kawasaki'),
(269, 'José Saramago'),
(270, 'Leander Kahney'),
(271, 'Tracy Kidder'),
(272, 'Gerd Gigerenzer'),
(273, 'John Wood '),
(274, 'Lord Acton'),
(275, 'David Peace'),
(276, 'Dan Brown'),
(277, 'Stephen Covey'),
(278, 'Edgar Morin'),
(279, 'Elizabeth Mednicoff'),
(280, 'Ricardo Semler'),
(281, 'Alan Deutschman'),
(282, 'Daniel Pink'),
(283, 'Cali Ressler'),
(284, 'Germano Glufke Reis'),
(285, 'Juan Enriquez'),
(286, 'Muhammad Yunus'),
(287, 'Robert Heller'),
(288, 'Robert Henry Srour'),
(289, 'Paulo Bastos Tigre'),
(290, 'Charles Duhigg'),
(291, 'Vineet Nayar'),
(292, 'Bob Nelson'),
(293, 'Matthew Kelly'),
(294, 'Eduardo Ferraz'),
(295, 'David Marcum'),
(296, 'Jan Carlzon'),
(297, 'Tony Hsieh'),
(298, 'Charles Jacobs'),
(299, 'Rick Wartzman'),
(300, 'William Macey'),
(301, 'Boris Groysberg'),
(302, 'Jim Collins'),
(303, 'Richard Tedlow'),
(304, 'James C. Collins'),
(305, 'Leonard Mlodinow'),
(306, 'Robert Slater'),
(307, 'Mirlene M.M. Siqueira'),
(308, 'Maria Rita Gramigna'),
(309, 'Dave Gray'),
(310, 'Howard Gardner'),
(311, 'Michael Hammer'),
(312, 'Peter Senge'),
(313, 'Peter Drucker'),
(314, 'Jeffrey Pfeffer'),
(315, 'Gary Hamel'),
(316, 'Gustavo Cerbasi'),
(317, 'Chris Zook'),
(318, 'J.C. Larreche'),
(319, 'Mitchell Kusy'),
(320, 'Claudio Fernandez '),
(321, 'Brad Stone'),
(322, 'Antonio Guerreiro Filho'),
(323, 'Roger Martin'),
(324, 'Kevan Hall'),
(325, 'William Joyce'),
(326, 'Rita Gunther'),
(327, 'Gary Harpst'),
(328, 'Donald Wheeler'),
(329, 'Walter Isaacson'),
(330, 'Adam Lashinsky'),
(331, 'Tom Peters'),
(332, 'Philip Zimbardo'),
(333, 'Françoise Kourilsky-Belliard'),
(334, 'Ikujiro Nonaka'),
(335, 'Grant McCracken'),
(336, 'Dennis W. Bakke'),
(337, 'Hallam Movius'),
(338, 'Richard Branson'),
(339, 'Jagdish Sheth'),
(340, 'Emerson de Almeida'),
(341, 'Silvia G. Costa'),
(342, 'Thomas Nagle'),
(343, 'Max Bazerman'),
(344, 'Dov Seidman'),
(345, 'Dorothy Leonard'),
(346, 'Joe Tidd'),
(347, 'Stephen Bungay'),
(348, 'Thomas W. Malone'),
(349, 'Michael Useem'),
(350, 'Marly Monteiro de Carvalho'),
(351, 'Henrique Correa'),
(352, 'Richard L. Daft'),
(353, 'José Dornelas'),
(354, 'Paul Hersey '),
(355, 'Edmund de Wall'),
(356, 'Peter H. Diamandis'),
(357, 'Roger Scruton'),
(358, 'Stuart Mill'),
(359, 'Michael Jordan'),
(360, 'Roland T. Rust'),
(361, 'John Gray'),
(362, 'Barry Posner'),
(363, 'Chan Kin'),
(364, 'Luigi Zingales'),
(365, 'Alexis De Tocqueville'),
(366, 'Dr. Pradeep'),
(367, 'David Kean'),
(368, 'John Bessant'),
(369, 'John Reed'),
(370, 'Amyr Klink'),
(371, 'Hans-Hermann Hoppe'),
(372, 'Murray N. Rothbard'),
(373, 'Henry Hazlitt'),
(374, 'Ubiratan J. Iorio'),
(375, 'Chester Brown'),
(376, 'Mark Owen'),
(377, 'Frédéric Bastiat'),
(378, 'Bertrand de Jouvenel'),
(379, 'Samuel P Huntington'),
(380, 'Jesús Huerta de Soto'),
(381, 'Ron Paul'),
(382, 'Frank Karsten'),
(383, 'Fabio Barbieri'),
(384, 'Robert Murphy'),
(385, 'José Ingenieros'),
(386, 'Peter D Schiff'),
(387, 'Robert Kegan'),
(388, 'Tony Judt'),
(389, 'Jurgen Klaric'),
(390, 'Michael Polanyi'),
(391, 'Walter Block'),
(392, 'Walter Mischel'),
(393, 'Nicholas Wapshott'),
(394, 'Daniel Levitin'),
(395, 'Reinaldo Domingos'),
(396, 'Lionel Robbins'),
(397, 'Eugen Von Bohm-Bawerk'),
(398, 'Arthur Koestler'),
(399, 'Israel Kirzner'),
(400, 'Adriano Gianturco'),
(401, 'Ricardo Feijó'),
(402, 'James Buchanan'),
(403, 'Amy Wilkinson'),
(404, 'Bruno Leoni'),
(405, 'Arthur Bender'),
(406, 'J.D. Nasio'),
(407, 'Angela Duckworth'),
(408, 'Gustave de Molinari'),
(409, 'N. Stephan Kinsella'),
(410, 'Nicholas Wade'),
(411, 'Etienne de La Boétie'),
(412, 'Florian Bartunek'),
(413, 'Alanna Collen'),
(414, 'Barbara Minto'),
(415, 'Anselmo Lino Bispo'),
(416, 'Flávio Augusto da Silva'),
(417, 'Bruce King'),
(418, 'Waldemar Schmidt'),
(419, 'Roberto Wayne Samohyl'),
(420, 'Cynthia Stokes Brown'),
(421, 'Geoffrey Blainey'),
(422, 'Carmine Gallo'),
(423, 'Lilia M. Schwarcz'),
(424, 'Professor Plácido Soares'),
(425, 'Luis Paulo Luppa'),
(426, 'Gabriel Segalis'),
(427, 'Silvio Aguiar'),
(428, 'Edwin J. Elton'),
(429, 'Donna M. Genett'),
(430, 'Carlos H. P. Mello'),
(431, 'Drauzio Varella'),
(432, 'Carol S. Dweck'),
(433, 'Ashlee Vance'),
(434, 'Sendhil Mullainathan'),
(435, 'PHILIP E TETLOCK'),
(436, 'Jake Knapp'),
(437, 'Svetlana Aleksiévitch'),
(438, 'Novak Djokovic'),
(439, 'André Lara Resende'),
(440, 'David Bodanis'),
(441, 'Aaron Ross'),
(442, 'Lafley'),
(443, 'Phil Knight'),
(444, 'Shona L. Brown'),
(445, 'Edmar Bacha '),
(446, 'Tácito Augusto Silva Leite'),
(447, 'Lobão'),
(448, 'Scott Sonenshein'),
(449, 'CHRIS ARGYRIS'),
(450, 'Elisabeth Blackburn'),
(451, 'Jack Schafer'),
(452, 'Suzana Herculano Houzel'),
(453, 'Daniel C. Dennett'),
(454, 'Susan M. Weinschenk'),
(455, 'Viktor E. Frankl'),
(456, 'Charles A. O Reilly'),
(457, 'Oliver Sacks'),
(458, 'Sam Walton'),
(459, 'Márcio Borges Moreira'),
(460, 'Jonathan Portes'),
(461, 'Gabriel García Marquez'),
(462, 'Matt Ridley'),
(463, 'Steven Kotler'),
(464, 'Norman Doidge'),
(465, 'Publivar'),
(466, 'Roberto Shinyashiki'),
(467, 'Morey Stettner'),
(468, 'Paul Levesque'),
(469, 'Anne Bruce'),
(470, 'Adail Spínola Horst'),
(471, 'Janssen dos Reis Lima'),
(472, 'Shawn Achor'),
(473, 'Karl Kraus'),
(474, 'Mark Manson'),
(475, 'Michael Pollan'),
(476, 'Phill Collins'),
(477, 'Caio Carneiro'),
(478, 'Ken Wilber'),
(479, 'Sandro Magaldi'),
(480, 'Scott Galloway'),
(481, 'Steven Pinker'),
(482, 'Carol Kinsey Goman'),
(483, 'Eric Ries'),
(484, 'Idalberto Chiavenato'),
(485, 'Maurício de Paula'),
(486, 'Janete Knapik'),
(487, 'Charles Darwin'),
(488, 'Frederic Laloux'),
(489, 'Hirotaka Takeuchi'),
(490, 'Eliyahu M. Goldratt'),
(491, 'David Hume'),
(492, 'Salim Ismail'),
(493, 'Jaime Troiano'),
(494, 'John Doerr'),
(495, 'Donald Trump'),
(496, 'Sean Ellis'),
(497, 'Richard Thaler'),
(498, 'Roberto Campos'),
(499, 'Napoleon Hill'),
(500, 'Alexandre Luzzi Las Casas'),
(501, 'Sir Karl R. Popper'),
(502, 'Yuval Levin'),
(503, 'Alfredo Soares'),
(504, 'Zezina Bellan'),
(505, 'Chris McChesney'),
(506, 'Klaus Schwab'),
(507, 'Reid Hoffman'),
(508, 'Gertrude Himmelfarb'),
(509, 'Thomas Sowell'),
(510, 'Mihaly Csikszentmihalyi'),
(511, 'Joe Dispenza'),
(512, 'George Orwell'),
(513, 'Theodore Dalrymple'),
(514, 'Joan Magretta'),
(515, 'J.J. Sutherland'),
(516, 'Neuza Chaves'),
(517, 'Jim Kwik'),
(518, 'Conrado Schlochauer'),
(519, 'Greg Mckeown'),
(520, 'James Clear'),
(521, 'Suhas Kshirsagar '),
(522, 'Jerry Connor'),
(523, 'Nikolaos Dimitriadis'),
(524, 'Deepak Chopra'),
(525, 'Vishen Lakhiani'),
(526, 'Susan Jeffers'),
(527, 'Max Lugavere'),
(528, 'Dave Asprey'),
(529, 'Stewart D. Friedman'),
(530, 'Matthew Walker'),
(531, 'Fernand Braudel'),
(532, 'Aldous Huxley'),
(533, 'Robin Sharma'),
(534, 'Katy Milkman'),
(535, 'Evandir Megliorini'),
(536, 'Seth Stephens-Davidowitz'),
(537, 'Rogério Cauduro'),
(538, 'Chris Anderson'),
(539, 'David Schwartz'),
(540, 'Mike Michalowicz'),
(541, 'John Stuart Mill'),
(542, 'Steven Landsburg'),
(543, 'James Otteson'),
(544, 'Nile Gardiner'),
(545, 'Verne Harnish'),
(546, 'BJ Fogg'),
(547, 'Wendy Wood'),
(548, 'Barbara Oakley'),
(549, 'Scott Young'),
(550, 'Jordan Peterson'),
(551, 'Donald Boudreaux'),
(552, 'Eduardo Bitello'),
(553, 'Michael Oakeshott'),
(554, 'Paulo Vieira'),
(555, 'Brené Brown'),
(556, 'Jocko Willink'),
(557, 'Reed Hastings'),
(558, 'David Goggins'),
(559, 'Rafael Kiso'),
(560, 'Donal Miller'),
(561, 'Nicolaj Siggelkow'),
(562, 'Amy C. Edmondson'),
(563, 'André Siqueira'),
(564, 'Francisco Palao'),
(565, 'George S. Clason'),
(566, 'Gary Keller'),
(567, 'Christopher Rufo'),
(568, 'Fernando Amed'),
(569, 'David Sinclair'),
(570, 'Peter Attia'),
(571, 'Tony Robbins'),
(572, 'Jessie Inchauspé'),
(573, 'Jeff Bezos'),
(574, 'Joe Navarro'),
(575, 'Tim Marshall'),
(576, 'Eric Potterat'),
(577, 'ANDREA FILATRO');

-- --------------------------------------------------------

--
-- Estrutura da tabela `CATEGORIA`
--

CREATE TABLE IF NOT EXISTS `CATEGORIA` (
`CODIGO` int(6) NOT NULL,
  `DESCR` varchar(100) NOT NULL
) ENGINE=InnoDB AUTO_INCREMENT=24 DEFAULT CHARSET=utf8 COMMENT='Categorias de LIVROs';

--
-- Extraindo dados da tabela `CATEGORIA`
--

INSERT INTO `CATEGORIA` (`CODIGO`, `DESCR`) VALUES
(1, 'Administração'),
(2, 'Ciências Políticas'),
(3, 'Liberalismo'),
(4, 'Filosofia'),
(5, 'Economia'),
(10, 'Estratégia e Planejamento'),
(11, 'Marketing'),
(12, 'Segurança'),
(13, 'Vendas'),
(14, 'Neurociência'),
(15, 'Modelo e Método'),
(16, 'Liderança  '),
(17, 'Humanas'),
(18, 'Coaching'),
(19, 'Psicologia Positiva'),
(20, 'Inovação'),
(21, 'Autoaprendizagem'),
(22, 'Biografias'),
(23, 'Longevidade ');

-- --------------------------------------------------------

--
-- Estrutura da tabela `EDITORA`
--

CREATE TABLE IF NOT EXISTS `EDITORA` (
`CODIGO` int(6) NOT NULL,
  `DESCR` varchar(100) NOT NULL
) ENGINE=InnoDB AUTO_INCREMENT=125 DEFAULT CHARSET=utf8 COMMENT='Editoras de LIVROs';

--
-- Extraindo dados da tabela `EDITORA`
--

INSERT INTO `EDITORA` (`CODIGO`, `DESCR`) VALUES
(1, 'LEYA BRASIL'),
(2, 'LTC'),
(3, 'Hedra'),
(4, 'Penguin'),
(5, 'Atlas'),
(6, 'Vide'),
(7, 'Record'),
(8, 'Expressão e Cultura'),
(9, 'Agir'),
(10, 'BestSeller'),
(11, 'Edipro'),
(12, 'Rocco'),
(13, 'Visão'),
(14, 'Elsevier'),
(15, 'Zahar'),
(16, 'Globo Livros'),
(17, 'Nova Fronteira'),
(18, 'Ediouro'),
(19, 'LEPM'),
(20, 'Objetiva'),
(21, 'Bertrand Brasil'),
(22, 'Intrínseca'),
(23, 'Gen'),
(24, 'Civilização Brasileira'),
(25, 'Sextante'),
(26, 'Bookman'),
(27, 'Ãtica'),
(28, 'WMF Martins Fontes'),
(29, 'Companhia das Letras'),
(30, 'Escuta'),
(31, 'Três Estrelas'),
(32, 'Autêntica'),
(33, 'Contraponto'),
(34, 'Difel'),
(35, 'Sanskrito'),
(36, 'Espaço Ética'),
(37, 'Casa da Palavra'),
(38, 'Vozes'),
(39, 'Campus'),
(40, 'Gente'),
(41, 'HSM'),
(42, 'Qualitymark'),
(43, 'Best Business'),
(44, 'Évora'),
(45, 'Amarilys'),
(46, 'Madras'),
(47, 'Buqui'),
(48, 'M.Books'),
(49, 'Intelimax'),
(50, 'Futura'),
(51, 'Novatec'),
(52, 'Pearson'),
(53, 'Procon'),
(54, 'Imprensa Livre'),
(55, 'CIPA'),
(56, 'Saraiva'),
(57, 'Progressiva'),
(58, 'Novo Século'),
(59, 'Quantum'),
(60, 'Nobel'),
(61, 'Da Boa Prosa'),
(62, 'Falconi'),
(63, 'Fontanar'),
(64, 'Universo dos Livros'),
(65, 'Biblioteca do Exército'),
(66, 'Thomas Nelson Brasil'),
(67, 'Educator'),
(68, 'Companhia de Bolso'),
(69, 'Manole'),
(70, 'Alegro'),
(71, 'Summus'),
(72, 'DVS Editora'),
(73, 'Senac'),
(74, 'Unesp'),
(75, 'Cultrix'),
(76, 'Dale Carnegie Training'),
(77, 'Kiron'),
(78, 'Martin Claret'),
(79, 'Mercúrio'),
(80, 'Paralela'),
(81, 'Aleph'),
(82, 'Academia de Inteligência '),
(83, 'Alta Books'),
(84, 'Top Books'),
(85, 'Instituto Ludwig Von Mises'),
(86, 'Planeta'),
(87, 'Jardim dos Livros'),
(88, 'Negócio'),
(89, 'AF Comunicações'),
(90, 'Integrare'),
(91, 'Virgiliae'),
(92, 'Harvard Business '),
(93, 'INDG'),
(94, 'BEI Comunicação'),
(95, 'Forense'),
(96, 'Peixoto Neto'),
(97, 'Cone'),
(98, 'Canal Certo'),
(99, 'Fundamento'),
(100, 'Lua de papel'),
(101, 'FGV'),
(102, 'Tordesilhas'),
(103, 'Generale'),
(104, 'Renes'),
(105, 'Primeira Pessoa'),
(106, 'Publivar'),
(107, 'Buzz'),
(108, 'Curitiba'),
(109, 'Benvirá'),
(110, 'Estação das Letras e Cores'),
(111, 'Citadel'),
(112, 'CDG'),
(113, 'Itatiaia'),
(114, 'Z3'),
(115, 'É Realizações'),
(116, 'Nacional'),
(117, 'Alta Life'),
(118, 'Figurati'),
(119, 'Harper Collins'),
(120, 'Viva Livros'),
(121, 'Avis Rara'),
(122, 'Atena'),
(123, 'Alta Cult'),
(124, 'Auster');

-- --------------------------------------------------------

--
-- Estrutura da tabela `FUNCIONARIO`
--

CREATE TABLE IF NOT EXISTS `FUNCIONARIO` (
`CODIGO` int(6) NOT NULL,
  `NOME` varchar(100) NOT NULL,
  `E_MAIL` varchar(50) DEFAULT NULL,
  `TELEFONE` varchar(20) DEFAULT NULL
) ENGINE=InnoDB AUTO_INCREMENT=113 DEFAULT CHARSET=utf8 COMMENT='Funcionários que irão solicitar empréstimo de LIVROs';

--
-- Extraindo dados da tabela `FUNCIONARIO`
--

INSERT INTO `FUNCIONARIO` (`CODIGO`, `NOME`, `E_MAIL`, `TELEFONE`) VALUES
(1, 'Fábio Bulegon Zappas', 'fabiozappas@gmail.com', '5198678865'),
(2, 'Edmundo', 'meta', '1461'),
(3, 'Caroliny Meurer', 'caroliny.meurer@stv.com.br', '1497 - servicos poa'),
(4, 'Márcio', 'marcio.azevedo@stv.com.br', '1486'),
(5, 'Wladimir', 'wladimir.galvao@stv.com.br', '1467'),
(6, 'Lisandro', 'lisandro.lemos@stv.com.br', '1467'),
(7, 'Rosângela Grub', 'rosangela.grub@stv.com.br', '1450'),
(8, 'Anelise', 'anelise.vasconcelos@stv.com.br', '1403'),
(9, 'Simone', 'simone.franca@stv.com.br', '1475'),
(10, 'Ramine Corso', 'ramine.corso@stv.com', '54 3229.2800 - 54 30'),
(11, 'Jerri Fraga', 'jerri.fraga@stv.com.br', '3086 9292 / (51) 935'),
(12, 'Rosângela Jardim', 'rosangela.jardim@stv.com.br', '1416'),
(13, 'Michael', 'michael@stv.com.br', '1460'),
(14, 'Shana Lisiane', 'shana.lisiane@stv.com.br', '1444'),
(15, 'Leandro Almeida', 'leandro.almeida@stv.com.br', ' 93108779 '),
(16, 'Daiane', 'daiane.martins@stv.com.br', '1412'),
(17, 'Vargas', 'jorge.vargas@stv.com.br', '1400'),
(18, 'Taillyse Vargas', 'taillyse.vargas@stv.com.br', '1497 - servicos poa'),
(19, 'Diego Fagundes', 'diego.fagundes@stv.com.br', '1400'),
(20, 'Eberson', 'ebertoni@stv.com.br', '1406'),
(21, 'Elisiane', 'elisiane.canabarro@stv.com.br', '1400'),
(22, 'Renato', 'renato.martins@stv.com.br', '1400'),
(23, 'Andréa Duarte', 'andrea.duarte@stv.com.br', '1487'),
(24, 'Virginia Santos', 'virginia.santos@stv.com.br', '3358-1497'),
(25, 'Keti Milene', 'keti.milene@stv.com.br', '5133581461'),
(26, 'Eliége', 'eliege.vicente@stv.com.br', '5430222808'),
(27, 'Estefânia Martins', 'estefania.martins@stv.com.br', '1458'),
(28, 'Marcos Miranda', 'marcos.miranda@stv.com.br', '1465-1428'),
(29, 'Josiane', 'josiane.arnoud@stv.com.br', '1401'),
(30, 'Thaís Rosa', 'thais.rosa@stv.com.br', '1421'),
(31, 'Adão Vicente', 'daniela.mattes@stv.com.br', '30818611'),
(32, 'Marizete', 'marizete.machado@stv.com.br', '1484'),
(33, 'Janaína', 'janaina.costa@stv.com.br', '1413'),
(34, 'Cíntia', 'cintia.rodrigues@stv.com.br', '1405'),
(35, 'Mariane', 'mariane.veeck@stv.com.br', '1402'),
(36, 'Leonardo Carcamo', 'leonardo.carcamo@stv.com.br', '1451'),
(37, 'Michele Santana', 'michele.santana@stv.com.br', '51) 3081-8619 / (51)'),
(38, 'Maira', 'maira.becker@stv.com.br', '9623'),
(39, 'Sérgio', 'sergiodelucas@stv.com.br', '1429'),
(40, 'Leticia Tavares', 'leticia.nunes@stv.com.br', '9624'),
(41, 'Hérico', 'herico.correa@stv.com.br', '9250'),
(42, 'Iris', 'iris.correa@stv.com.br', '9627'),
(43, 'Marcio Miranda', 'marcio.miranda@stv.com.br', '34776822'),
(44, 'Jessica Karoline', 'jessica.karolini@stv.com.br', '9618'),
(45, 'Leandro Vargas', 'leandro.vargas@stv.com.br', '(54) 9182-1884 '),
(46, 'Pedro Bloss', 'pedro@simbrasil.com.br', '991215151'),
(47, 'Paulo Correa', 'paulo.correa@stv.com.br', '9620'),
(48, 'Jeferson Santos', 'jeferson.santos@stv.com.br', ' 9715-6767'),
(49, 'Luiz', 'luiz.severo@stv.com.br', '2802'),
(50, 'Edimilson', 'edimilson@stv.com.br', '4820'),
(51, 'Lissandra Mota', 'lissandra.mota@stv.com.br', '(54) 3022-2807'),
(52, 'Vinícius', 'vinicius.avila@stv.com.br', '9645'),
(53, 'Jeferson Macedo', 'jeferson.macedo@stv.com.br', '30259633'),
(54, 'Antônio Silva', 'antonio.silva@stv.com.br', '3323-4846'),
(55, 'Carlos Mainardi', 'carlos.mainardi@stv.com.br', '9607'),
(56, 'Márcio Correa', 'marcio.correa@stv.com.br', '34776822'),
(57, 'Ademir', 'ademir.borges@stv.com.br', '30845491'),
(58, 'Ãlbano Sim brasil', 'albano@simbrasil.com.br', '991215050'),
(59, 'Aline Castro', 'aline.castro@stv.com.br', '9621'),
(60, 'Priscila', 'priscila.placido@stv.com.br', '47 3083-6333'),
(61, 'Juliana Abreu', 'juliana.abreu@stv.com.br', '3477-6822  '),
(62, 'Thiago Ferraz', 'thiago.ferraz@stv.com.br', '9643'),
(63, 'Alessandra', 'alessandra.machado@stv.com.br', '9635'),
(64, 'Alex Santos', 'alex.santos@stv.com.vr', '54991807671'),
(65, 'Aline Coelho', 'aline.coelho@stv.com.br', '34776822'),
(66, 'Ana Cristina', 'ana.cristina@stv.com.br', '4822'),
(67, 'Diego Borba', 'diego.borba@stv.com.br', '054991856386'),
(68, 'Vanessa Thalheimer', 'vanessa.thalheimer@stv.com.br', '9627'),
(69, 'Carolina Moraes', 'carolina.moraes@stv.com.br', '3081-8607'),
(70, 'Claudemir José', 'claudemir.jose@stv.com.br', '33234831'),
(71, 'Camila Oliveira', 'camila.oliveira@stv.com.br', ' (51) 3553 – 7720 '),
(72, 'Carine', 'carine.correia@stv.com.br', '9601'),
(73, 'Sérgio de Lucas', 'sergio.delucas@stv.com.br', '1429'),
(74, 'Thaynara Likes', 'thaynara.likes@stv.com.br', '54)3022-2824 | (54) '),
(75, 'Luís', 'luis.padilha@stv.com.br', '1400'),
(76, 'Rafael Pedroso', 'rafael.pedroso@stv.com.br', '3025-9652'),
(77, ' Jeane Macieski', 'jeane.macieski@stv.com.b', '(51)3323-4849'),
(78, 'Carine Correia', 'carine.correia@stv.com.br', '3025-9601'),
(79, 'Michele Bressan', 'michele.bressan@stv.com.br', '3323-4837'),
(80, 'Roberto Fraga', 'roberto.fraga@stv.com.br', '1400'),
(81, 'Jonata Paim', 'jonata.paim@stv.com.br', '3323-4805'),
(82, 'Denis', 'denis.rodrigues@stv.com.br', '9645'),
(83, 'Maximiliano', 'maximiliano.escolto@stv.com.br', '51998572170'),
(84, 'Maurício Matos', 'mauricio.matos@stv.com.br', '51.999080968'),
(85, 'Carlos Alexandre Funini', 'carlos.alexandre@stv.com.br', '3323-4811'),
(86, 'Henrique Musso', 'henrique.musso@stv.com.br', ' 9 9900-5918  '),
(87, 'Vlademilson', 'vlademilson.fraga@stv.com.br', ' 9388-2879'),
(88, 'Jordana Weber', 'jordana.weber@stv.com.br', '99566-2006'),
(89, 'Bruna Kersten', 'bruna.kersten@stv.com.br', '30259613'),
(90, 'Daniela Silva', 'danielea.silva@stv.com.br', '51.33234838'),
(91, 'Sara Oliveira', 'sara.dionisio@stv.com.br', '(41) 3151-1055 '),
(92, 'Odail Flores', 'odail.flores@stv.com.br ', '984-067-214'),
(93, 'Marcelo Vieira', 'marcelo.vieira@stv.com.br', '30259633'),
(94, 'Andréia Haubert', 'andreia.haubert@stv.com.br', '(51) 30818604 | (51)'),
(95, 'Iria Carla', 'carla.oliveira@stv.com.br', '(19) 3212.226'),
(96, 'Jaquiele Braz', 'jaquiele.braz@stv.com.br', '30818623'),
(97, 'Mariana', 'mariana.silva@stv.com.br', ' 3025-9640'),
(98, 'Marina', 'marina.ferreira@stv.com.br', '51 3323.4825 | 51 98'),
(99, 'Jonatas', 'sememail', ' 99549-5690'),
(100, 'Maria Angélica', 'maria.angelica@stv.com.br', '30259652'),
(101, 'Marines', 'marines.garcia@stv.com.br', '30259642'),
(102, 'Juliana Gonçalves', 'juliana.goncalves@stv.com.br', ' 3323-4839'),
(103, 'Olindina', 'olindina.pereira@stv.com.br', '30259610'),
(104, 'Wellerson Faller', 'wellerson.faller@stv.com.br', '30259630'),
(105, 'Flávia', 'flavia.porto@stv.com.br', '30259613'),
(106, 'Caroliny Checossi', 'caroliny.checossi@stv.com.br', '3323-4841'),
(107, 'Daiane Cruz', 'daiane.cruz@stv.com.br', '30259618'),
(108, 'Tatiane Streda', 'Tatiane.Streda@stv.com.br', '3323-4845 / 99538624'),
(109, 'Gabrielly Fritch', 'Gabrielly.fritch@stv.com.br', '(51) 3075.6111 - (51'),
(110, 'Maurício Martinez', 'mauricio.martinez@stv.com.br', '51-33234806'),
(111, 'Vitor Villela', 'duartevitor01@gmail.com', '51991977573'),
(112, 'Matheus Teixeira', 'matheus.teixeira@stv.com.br', '30259603');

-- --------------------------------------------------------

--
-- Estrutura da tabela `HISTORICO`
--

CREATE TABLE IF NOT EXISTS `HISTORICO` (
`CODIGO` int(6) NOT NULL,
  `FUNCIONARIO` int(6) NOT NULL,
  `LIVRO` int(6) NOT NULL,
  `DATA` varchar(10) NOT NULL,
  `DATA_DEVOLUCAO` varchar(10) DEFAULT NULL
) ENGINE=InnoDB AUTO_INCREMENT=321 DEFAULT CHARSET=utf8 COMMENT='histórico para gegistrar os emprestimos e devoluções de LIVR';

--
-- Extraindo dados da tabela `HISTORICO`
--

INSERT INTO `HISTORICO` (`CODIGO`, `FUNCIONARIO`, `LIVRO`, `DATA`, `DATA_DEVOLUCAO`) VALUES
(3, 2, 15, '18/08/2015', '21/09/2015'),
(4, 5, 6, '25/08/2015', '15/01/2021'),
(5, 5, 8, '25/08/2015', '15/01/2021'),
(6, 6, 333, '25/08/2015', '01/09/2015'),
(7, 7, 356, '25/08/2015', '27/08/2015'),
(8, 9, 392, '25/08/2015', '09/11/2015'),
(9, 8, 26, '25/08/2015', '10/03/2016'),
(10, 7, 122, '27/08/2015', '16/09/2015'),
(11, 10, 309, '28/08/2015', '11/09/2018'),
(12, 4, 249, '01/09/2015', '17/07/2017'),
(13, 11, 352, '02/09/2015', '07/10/2015'),
(14, 12, 403, '04/09/2015', '26/01/2016'),
(15, 12, 256, '04/09/2015', '24/09/2015'),
(16, 12, 496, '04/09/2015', '24/09/2015'),
(17, 13, 444, '04/09/2015', '30/10/2015'),
(18, 14, 367, '04/09/2015', '26/01/2016'),
(19, 6, 390, '04/09/2015', '29/09/2015'),
(20, 6, 388, '04/09/2015', '29/09/2015'),
(21, 15, 233, '11/09/2015', NULL),
(22, 16, 381, '15/09/2015', '27/01/2016'),
(23, 3, 319, '16/09/2015', '06/10/2015'),
(24, 2, 386, '21/09/2015', '30/10/2017'),
(25, 17, 504, '21/09/2015', '04/02/2016'),
(26, 18, 234, '22/09/2015', '23/02/2016'),
(27, 7, 398, '23/09/2015', '25/09/2015'),
(28, 20, 336, '30/09/2015', '15/03/2016'),
(29, 10, 319, '07/10/2015', '14/03/2016'),
(30, 21, 254, '13/10/2015', NULL),
(31, 21, 282, '13/10/2015', NULL),
(32, 22, 190, '16/10/2015', '20/10/2015'),
(33, 22, 290, '20/10/2015', '28/10/2015'),
(34, 23, 320, '28/10/2015', '26/11/2015'),
(35, 23, 291, '28/10/2015', '17/05/2017'),
(36, 24, 382, '29/10/2015', '23/02/2016'),
(37, 19, 261, '10/12/2015', '20/04/2017'),
(38, 25, 341, '15/12/2015', '03/05/2016'),
(39, 26, 216, '04/01/2016', '11/02/2016'),
(40, 27, 517, '15/01/2016', '18/04/2016'),
(41, 4, 421, '15/01/2016', '05/09/2016'),
(42, 25, 13, '28/01/2016', '15/03/2016'),
(43, 28, 304, '28/01/2016', '04/04/2016'),
(44, 17, 87, '04/02/2016', '14/04/2016'),
(45, 29, 329, '04/02/2016', '12/09/2018'),
(46, 25, 381, '04/02/2016', '15/03/2016'),
(47, 8, 504, '07/03/2016', '24/06/2016'),
(48, 9, 369, '10/03/2016', '23/05/2016'),
(49, 25, 516, '06/04/2016', '05/05/2016'),
(50, 25, 551, '12/04/2016', '15/04/2016'),
(51, 17, 74, '14/04/2016', '03/08/2016'),
(52, 17, 85, '14/04/2016', '03/08/2016'),
(53, 30, 382, '29/04/2016', NULL),
(54, 31, 475, '14/06/2016', '05/09/2016'),
(55, 6, 515, '11/07/2016', '17/02/2017'),
(56, 6, 227, '11/07/2016', '04/05/2021'),
(57, 6, 228, '11/07/2016', '03/10/2018'),
(58, 6, 514, '11/07/2016', '03/10/2018'),
(59, 6, 234, '11/07/2016', '11/02/2019'),
(60, 23, 454, '29/07/2016', '02/08/2016'),
(61, 17, 369, '02/08/2016', '08/06/2018'),
(62, 32, 444, '12/08/2016', '08/12/2016'),
(63, 32, 442, '12/08/2016', '08/12/2016'),
(64, 34, 372, '19/08/2016', '28/06/2018'),
(65, 33, 368, '19/08/2016', '11/09/2018'),
(66, 35, 370, '19/08/2016', '22/09/2016'),
(67, 35, 571, '22/09/2016', '10/10/2016'),
(68, 36, 588, '26/09/2016', '06/10/2016'),
(69, 25, 550, '27/09/2016', '28/09/2016'),
(70, 31, 585, '28/09/2016', '28/09/2016'),
(71, 25, 35, '28/09/2016', '28/09/2016'),
(72, 28, 276, '29/09/2016', NULL),
(73, 36, 176, '06/10/2016', '25/11/2016'),
(74, 37, 377, '23/11/2016', '17/02/2017'),
(75, 37, 584, '23/11/2016', '17/02/2017'),
(76, 5, 569, '15/12/2016', '12/01/2017'),
(77, 5, 350, '15/12/2016', '20/10/2021'),
(78, 5, 342, '15/12/2016', '12/01/2017'),
(79, 36, 542, '19/01/2017', '04/05/2021'),
(80, 38, 208, '23/02/2017', '02/03/2017'),
(81, 20, 322, '03/03/2017', '11/09/2018'),
(82, 20, 324, '03/03/2017', '11/09/2018'),
(83, 20, 564, '03/03/2017', '15/08/2017'),
(84, 36, 287, '13/03/2017', '04/05/2021'),
(85, 39, 596, '14/03/2017', NULL),
(86, 40, 201, '27/03/2017', '06/12/2017'),
(87, 40, 477, '27/03/2017', '06/12/2017'),
(88, 41, 620, '27/03/2017', '01/10/2018'),
(89, 8, 595, '29/03/2017', '27/11/2017'),
(90, 42, 130, '31/03/2017', '04/09/2017'),
(91, 19, 497, '20/04/2017', '17/05/2017'),
(92, 25, 633, '10/05/2017', '17/05/2017'),
(93, 24, 515, '16/05/2017', '12/07/2017'),
(94, 25, 639, '17/05/2017', '19/09/2017'),
(95, 29, 272, '22/05/2017', '30/05/2017'),
(96, 29, 407, '22/05/2017', '06/07/2017'),
(97, 29, 92, '22/05/2017', '30/05/2017'),
(98, 43, 261, '01/06/2017', '13/08/2018'),
(99, 19, 274, '20/06/2017', '08/08/2017'),
(100, 19, 630, '20/06/2017', '04/09/2019'),
(101, 19, 423, '20/06/2017', '15/08/2017'),
(102, 4, 642, '14/07/2017', '05/11/2018'),
(103, 44, 319, '02/08/2017', '06/10/2017'),
(104, 23, 223, '03/08/2017', '03/01/2020'),
(105, 23, 214, '03/08/2017', '19/06/2018'),
(106, 39, 645, '16/08/2017', '22/09/2017'),
(107, 45, 141, '23/08/2017', '13/10/2017'),
(108, 45, 175, '23/08/2017', '13/10/2017'),
(109, 46, 561, '24/08/2017', '06/10/2017'),
(110, 19, 104, '19/09/2017', '11/09/2018'),
(111, 41, 656, '13/10/2017', '13/03/2018'),
(112, 41, 197, '13/10/2017', '01/10/2018'),
(113, 19, 434, '13/10/2017', '23/11/2017'),
(114, 47, 456, '16/10/2017', '09/04/2018'),
(115, 48, 655, '16/10/2017', '02/04/2018'),
(116, 49, 199, '16/11/2017', '29/01/2018'),
(117, 49, 454, '16/11/2017', '29/01/2018'),
(118, 4, 136, '17/11/2017', '19/11/2018'),
(119, 50, 652, '20/11/2017', '15/01/2018'),
(120, 23, 580, '05/12/2017', NULL),
(121, 8, 645, '11/12/2017', '11/09/2018'),
(122, 51, 51, '14/12/2017', '25/01/2018'),
(123, 24, 12, '08/01/2018', '25/04/2018'),
(124, 19, 134, '11/01/2018', '18/04/2019'),
(125, 52, 400, '25/01/2018', '28/09/2018'),
(126, 53, 631, '29/01/2018', NULL),
(127, 54, 421, '12/03/2018', '30/07/2018'),
(128, 54, 658, '12/03/2018', '30/07/2018'),
(129, 55, 656, '13/03/2018', '09/04/2018'),
(130, 10, 672, '09/04/2018', NULL),
(131, 9, 675, '14/05/2018', '15/10/2018'),
(132, 56, 526, '02/07/2018', '20/07/2018'),
(133, 25, 77, '23/07/2018', '11/09/2018'),
(134, 19, 516, '08/08/2018', '26/09/2018'),
(135, 6, 622, '09/08/2018', NULL),
(136, 6, 661, '09/08/2018', NULL),
(137, 4, 175, '10/08/2018', NULL),
(138, 57, 135, '17/08/2018', '28/09/2018'),
(139, 40, 142, '20/08/2018', '12/02/2019'),
(140, 58, 213, '20/08/2018', '31/08/2018'),
(141, 59, 252, '20/08/2018', '12/09/2018'),
(142, 20, 376, '22/08/2018', '02/03/2021'),
(143, 60, 295, '28/08/2018', NULL),
(144, 61, 411, '06/09/2018', '22/05/2019'),
(145, 63, 114, '11/09/2018', '17/05/2019'),
(146, 38, 199, '26/09/2018', '19/11/2018'),
(147, 38, 146, '26/09/2018', '19/11/2018'),
(148, 38, 498, '26/09/2018', '19/11/2018'),
(149, 8, 475, '26/09/2018', '17/12/2018'),
(150, 63, 123, '26/09/2018', '04/05/2021'),
(151, 19, 176, '26/09/2018', '06/05/2019'),
(152, 52, 204, '28/09/2018', '31/07/2019'),
(153, 41, 617, '01/10/2018', '25/11/2019'),
(154, 41, 621, '01/10/2018', '25/11/2019'),
(155, 64, 461, '04/10/2018', NULL),
(156, 1, 135, '08/10/2018', '12/11/2018'),
(157, 65, 331, '09/10/2018', '08/11/2018'),
(158, 36, 687, '17/10/2018', '05/11/2018'),
(159, 23, 369, '06/11/2018', '13/05/2021'),
(160, 38, 163, '06/11/2018', '06/12/2018'),
(161, 38, 243, '19/11/2018', '06/12/2018'),
(162, 38, 266, '19/11/2018', '06/12/2018'),
(163, 38, 271, '19/11/2018', '06/12/2018'),
(164, 66, 613, '26/11/2018', '18/12/2018'),
(165, 66, 344, '26/11/2018', '14/03/2019'),
(166, 1, 296, '14/12/2018', '10/01/2019'),
(167, 65, 192, '29/01/2019', '26/03/2019'),
(168, 68, 701, '31/01/2019', '13/05/2019'),
(169, 50, 700, '07/02/2019', '29/03/2019'),
(170, 67, 685, '12/03/2019', '03/06/2019'),
(171, 66, 326, '14/03/2019', '06/06/2019'),
(172, 66, 329, '14/03/2019', '19/07/2019'),
(173, 66, 421, '14/03/2019', '19/07/2019'),
(174, 38, 264, '20/03/2019', '28/05/2019'),
(175, 38, 309, '20/03/2019', '03/04/2019'),
(176, 38, 331, '20/03/2019', '03/04/2019'),
(177, 38, 325, '20/03/2019', '03/04/2019'),
(178, 69, 59, '01/04/2019', '03/06/2019'),
(179, 38, 294, '05/04/2019', '28/05/2019'),
(180, 38, 261, '05/04/2019', '28/05/2019'),
(181, 38, 262, '05/04/2019', '28/05/2019'),
(182, 1, 142, '08/04/2019', '19/07/2019'),
(183, 35, 256, '24/04/2019', '03/05/2019'),
(184, 35, 479, '24/04/2019', '03/05/2019'),
(185, 35, 495, '24/04/2019', '13/05/2019'),
(186, 70, 134, '21/05/2019', NULL),
(187, 71, 707, '22/05/2019', NULL),
(188, 38, 256, '29/05/2019', '19/08/2019'),
(189, 69, 703, '31/05/2019', '27/11/2019'),
(190, 38, 263, '31/05/2019', '15/10/2019'),
(191, 38, 325, '31/05/2019', '19/08/2019'),
(192, 67, 687, '03/06/2019', '01/08/2019'),
(193, 35, 642, '14/06/2019', '18/11/2019'),
(194, 35, 217, '14/06/2019', '03/06/2020'),
(195, 35, 218, '14/06/2019', '25/09/2020'),
(196, 35, 226, '14/06/2019', '16/12/2019'),
(197, 35, 444, '14/06/2019', NULL),
(198, 35, 272, '14/06/2019', '18/11/2019'),
(199, 72, 32, '01/07/2019', '12/11/2019'),
(200, 73, 720, '15/07/2019', '15/07/2019'),
(201, 39, 720, '15/07/2019', NULL),
(202, 74, 625, '19/07/2019', NULL),
(203, 8, 726, '20/08/2019', '21/10/2021'),
(204, 75, 286, '04/09/2019', '18/10/2019'),
(205, 76, 426, '11/09/2019', '23/10/2019'),
(206, 1, 319, '18/10/2019', '29/05/2020'),
(207, 75, 514, '18/10/2019', '03/12/2019'),
(208, 76, 571, '23/10/2019', '21/02/2020'),
(209, 77, 573, '05/11/2019', '25/08/2020'),
(210, 78, 423, '11/11/2019', NULL),
(211, 79, 608, '11/11/2019', NULL),
(212, 59, 684, '11/11/2019', '02/12/2019'),
(213, 80, 719, '12/11/2019', '26/12/2019'),
(214, 6, 727, '18/11/2019', NULL),
(215, 81, 658, '21/11/2019', NULL),
(216, 53, 187, '26/11/2019', '29/11/2019'),
(217, 53, 205, '26/11/2019', '22/09/2020'),
(218, 53, 184, '27/11/2019', '22/09/2020'),
(219, 69, 343, '27/11/2019', '23/01/2020'),
(220, 19, 675, '02/12/2019', '09/12/2019'),
(221, 19, 686, '02/12/2019', '13/01/2020'),
(222, 82, 696, '04/12/2019', '15/01/2021'),
(223, 83, 514, '05/12/2019', '07/06/2022'),
(224, 19, 492, '09/12/2019', '17/12/2019'),
(225, 19, 201, '17/12/2019', '19/02/2020'),
(226, 80, 304, '26/12/2019', NULL),
(227, 84, 223, '03/01/2020', '12/03/2021'),
(228, 85, 59, '03/01/2020', '08/04/2021'),
(229, 85, 421, '03/01/2020', '08/04/2021'),
(230, 41, 197, '08/01/2020', NULL),
(231, 17, 619, '08/01/2020', '06/03/2020'),
(232, 17, 730, '08/01/2020', '06/03/2020'),
(233, 17, 617, '08/01/2020', '06/03/2020'),
(234, 17, 618, '08/01/2020', NULL),
(235, 41, 729, '08/01/2020', '09/03/2020'),
(236, 86, 620, '08/01/2020', '08/01/2020'),
(237, 86, 621, '08/01/2020', '04/03/2020'),
(238, 17, 620, '08/01/2020', '14/02/2020'),
(239, 69, 712, '20/01/2020', '07/02/2020'),
(240, 87, 141, '22/01/2020', NULL),
(241, 88, 261, '22/01/2020', '20/04/2021'),
(242, 69, 664, '07/02/2020', '19/02/2020'),
(243, 19, 709, '19/02/2020', '17/04/2020'),
(244, 76, 60, '21/02/2020', '05/10/2020'),
(245, 89, 703, '04/03/2020', '29/01/2021'),
(246, 36, 426, '19/03/2020', '16/03/2023'),
(247, 90, 630, '20/03/2020', NULL),
(248, 90, 713, '20/03/2020', NULL),
(249, 19, 725, '17/04/2020', '29/05/2020'),
(250, 25, 738, '29/05/2020', '02/03/2021'),
(251, 76, 252, '04/09/2020', '08/02/2021'),
(252, 91, 573, '10/09/2020', '13/01/2022'),
(253, 91, 329, '10/09/2020', NULL),
(254, 26, 719, '18/01/2021', '03/02/2021'),
(255, 76, 362, '08/02/2021', '04/05/2021'),
(256, 20, 77, '04/03/2021', NULL),
(257, 92, 223, '12/03/2021', '14/07/2021'),
(258, 61, 51, '16/03/2021', '06/05/2021'),
(259, 25, 763, '18/03/2021', '18/03/2021'),
(260, 55, 769, '24/03/2021', NULL),
(261, 93, 261, '20/04/2021', '01/02/2022'),
(262, 76, 319, '04/05/2021', NULL),
(263, 94, 370, '04/05/2021', NULL),
(264, 87, 240, '06/05/2021', NULL),
(265, 66, 421, '12/05/2021', '30/09/2021'),
(266, 95, 204, '13/05/2021', NULL),
(267, 96, 291, '18/05/2021', '01/07/2021'),
(268, 92, 104, '22/07/2021', NULL),
(269, 97, 703, '30/09/2021', NULL),
(270, 98, 427, '21/10/2021', '13/12/2021'),
(271, 67, 636, '11/11/2021', NULL),
(272, 24, 475, '30/11/2021', NULL),
(273, 29, 248, '08/12/2021', '11/07/2022'),
(274, 99, 267, '10/12/2021', '09/03/2022'),
(275, 26, 604, '15/12/2021', NULL),
(276, 1, 296, '05/01/2022', '27/07/2022'),
(277, 36, 782, '01/02/2022', '15/02/2022'),
(278, 35, 785, '16/02/2022', '08/04/2022'),
(279, 22, 784, '16/02/2022', '10/05/2022'),
(280, 8, 369, '18/03/2022', '02/09/2022'),
(281, 100, 64, '07/04/2022', '23/05/2022'),
(282, 101, 785, '08/04/2022', '18/04/2022'),
(283, 102, 342, '11/04/2022', '07/06/2022'),
(284, 101, 786, '18/04/2022', '08/09/2022'),
(285, 66, 785, '18/04/2022', '20/02/2025'),
(286, 22, 322, '19/04/2022', '29/07/2022'),
(287, 103, 783, '19/04/2022', '02/08/2022'),
(288, 101, 784, '10/05/2022', '31/05/2022'),
(289, 100, 503, '24/05/2022', '31/05/2022'),
(290, 61, 377, '24/05/2022', '13/07/2022'),
(291, 101, 782, '31/05/2022', '23/01/2023'),
(292, 59, 93, '29/06/2022', '18/07/2022'),
(293, 104, 635, '13/07/2022', '03/08/2022'),
(294, 22, 790, '13/07/2022', '29/07/2022'),
(295, 61, 584, '28/07/2022', '08/09/2022'),
(296, 104, 287, '03/08/2022', NULL),
(297, 105, 750, '09/08/2022', '11/08/2022'),
(298, 105, 92, '09/08/2022', '11/08/2022'),
(299, 22, 783, '09/08/2022', '14/09/2022'),
(300, 22, 798, '14/09/2022', '05/05/2023'),
(301, 61, 377, '26/09/2022', NULL),
(302, 106, 784, '03/01/2023', '03/04/2023'),
(303, 107, 367, '09/02/2023', '12/05/2023'),
(304, 108, 227, '16/03/2023', NULL),
(305, 85, 603, '03/04/2023', NULL),
(306, 87, 228, '25/04/2023', NULL),
(307, 104, 410, '14/08/2023', NULL),
(308, 59, 13, '14/08/2023', NULL),
(309, 8, 849, '31/08/2023', '13/01/2025'),
(310, 109, 701, '18/01/2024', NULL),
(311, 24, 441, '11/03/2024', NULL),
(312, 110, 513, '04/04/2024', '29/04/2024'),
(313, 20, 192, '04/07/2024', NULL),
(314, 111, 360, '18/09/2024', '25/10/2024'),
(315, 111, 426, '18/09/2024', '25/10/2024'),
(316, 111, 842, '08/11/2024', '16/12/2024'),
(317, 111, 854, '16/12/2024', NULL),
(318, 111, 98, '16/12/2024', NULL),
(319, 112, 130, '13/01/2025', NULL),
(320, 9, 249, '18/02/2025', NULL);

-- --------------------------------------------------------

--
-- Estrutura da tabela `LIVRO`
--

CREATE TABLE IF NOT EXISTS `LIVRO` (
`CODIGO` int(6) NOT NULL,
  `ID` varchar(20) NOT NULL,
  `NOME` varchar(120) NOT NULL,
  `CATEGORIA` int(6) NOT NULL,
  `AUTOR` int(6) NOT NULL,
  `EDITORA` int(6) NOT NULL,
  `UNIDADE` int(6) NOT NULL,
  `ANO` int(4) NOT NULL,
  `STATUS` int(1) NOT NULL,
  `SINOPSE` text NOT NULL,
  `FOTO_CAPA` longblob NOT NULL
) ENGINE=InnoDB AUTO_INCREMENT=880 DEFAULT CHARSET=utf8 COMMENT='Tabela para armazenamento dos livro da biblioteca';

--
-- Extraindo dados da tabela `LIVRO`
--

INSERT INTO `LIVRO` (`CODIGO`, `ID`, `NOME`, `CATEGORIA`, `AUTOR`, `EDITORA`, `UNIDADE`, `ANO`, `STATUS`, `SINOPSE`, `FOTO_CAPA`) VALUES
(5, '01', 'Carta sobre a tolerância', 3, 3, 3, 1, 2007, 0, '''Carta Sobre a Tolerância'', redigida em latim durante o exílio político de Locke na Holanda, sob o título de Epistola de tolerantia, foi no mesmo ano traduzida para o inglês por William Popple. A edição segue a versão inglesa da Carta, pois foi a ela que Locke se referiu, constando também na maioria das edições de suas obras. Locke defende nesta carta que as ações dos cidadãos, principalmente as religiosas, devem ser defendidas pelo Estado, desde que essas ações não contrariem a função principal do Estado - defender a vida, a liberdade e a propriedade. A reivindicação por tolerância se baseia, no direito natural à liberdade, o que tem como pressuposto a separação entre Estado e Igreja.', 0x[BLOB]);
INSERT INTO `LIVRO` (`CODIGO`, `ID`, `NOME`, `CATEGORIA`, `AUTOR`, `EDITORA`, `UNIDADE`, `ANO`, `STATUS`, `SINOPSE`, `FOTO_CAPA`) VALUES
(6, '02', 'A Mão Invisível', 3, 4, 4, 1, 2013, 0, 'Em 2007, o Banco da Inglaterra pôs em circulação uma nova série de cédulas de vinte libras estampadas com a efígie de Adam Smith (1723-1790) ao lado da imagem de uma fábrica de pregos do século XVIII - fato que dá uma medida do enorme prestígio de que as formulações do filósofo e economista escocês sobre a divisão do trabalho e a liberdade do indivíduo ainda desfrutam na pátria da Revolução Industrial. Ao lado de Shakespeare, Darwin e Newton na seleta galeria de heróis nacionais homenageada pelo Estado britânico nas notas de dinheiro, Smith lançou as bases morais e intelectuais do crescimento econômico e da inovação tecnológica no capitalismo moderno em seu clássico ''A riqueza das nações'' (1776). Nos seis capítulos que compõem ''A mão invisível'', extraídos de seu livro mais conhecido, o autor investiga a natureza das trocas comerciais e financeiras e propõe diretrizes para estimular o desenvolvimento das nações por meio do enriquecimento individual dos cidadãos. O pioneiro do liberalismo - doutrina econômica que preconiza as liberdades de investimento e de comércio, bem como a não intervenção estatal, como pilares do incremento geral da riqueza - detecta no funcionamento natural dos mercados a intervenção autorreguladora de uma ''mão invisível'' que garantiria o equilíbrio das iniciativas de seus agentes na direção do próprio interesse (self-interest). Por outro lado, a divisão do trabalho, força propulsora da economia industrial nascida a partir da mundialização dos capitais e da invenção das máquinas a vapor, é apontada como a consequência mais revolucionária da racionalização científica dos esforços produtivos.', 0x[BLOB]);
INSERT INTO `LIVRO` (`CODIGO`, `ID`, `NOME`, `CATEGORIA`, `AUTOR`, `EDITORA`, `UNIDADE`, `ANO`, `STATUS`, `SINOPSE`, `FOTO_CAPA`) VALUES
(7, '03', 'A Liberdade dos antigos comparada à dos modernos', 3, 5, 5, 1, 2015, 0, 'No mundo contemporâneo, a liberdade e o ser humano são como gêmeos siameses, que surgem e se desenvolvem visceralmente conectados um ao outro. Trata-se de direito tão entranhado na realidade de Estados democráticos que, não raro, a exemplo do que ocorre com o oxigênio, somente nos damos conta de sua importância quando ele nos falta. O que vemos com naturalidade no limiar do terceiro milênio era algo estranho à realidade do povo francês do final do século XVIII. A Revolução Francesa foi, sabidamente, um processo transformador. E o reconhecimento dos direitos individuais, com especial ênfase para a liberdade, foi um dos principais legados que deixou. Benjamin Constant era um jovem intelectual quando os acontecimentos se precipitaram, conhecendo, na prática, o potencial destrutivo do absolutismo. O amadurecimento de suas ideias e de seus ideais levou-o a proferir, em 1819, com pouco mais de cinquenta anos e o status de homem público consagrado, o célebre discurso intitulado De la liberté des anciens comparée a celle des modernes. O que celebrizou o seu discurso na história do pensamento político foi a habilidade em demonstrar a linha evolutiva da liberdade política e da liberdade individual, bem como a estrita conexão que mantêm entre si. A primeira liberdade, própria dos antigos, assegurava a livre participação de todos os cidadãos no tracejar dos destinos do Estado. Apesar de contribuir para a formação da vontade política, o cidadão, concebido em sua individualidade, não tinha direitos oponíveis ao Estado, com o qual mantinha relações de mera sujeição. A segunda liberdade é aquela conhecida pelos modernos, que nada mais é que um salvo-conduto à expansão da personalidade individual, incluindo o direito de influir sobre a administração do governo, e um limitador à ação alheia, do Estado ou de terceiros. A liberdade individual é a liberdade moderna, enquanto a liberdade política é a sua garantia. O perigo da liberdade antiga era a pouca atenção dispensada aos direitos individuais, enquanto o perigo da liberdade moderna é o de que, absorvidos pelos interesses particulares, renunciemos ao direito de participação no poder político.', 0x[BLOB]);
INSERT INTO `LIVRO` (`CODIGO`, `ID`, `NOME`, `CATEGORIA`, `AUTOR`, `EDITORA`, `UNIDADE`, `ANO`, `STATUS`, `SINOPSE`, `FOTO_CAPA`) VALUES
(8, 'L', 'A Mentalidade anticapitalista', 3, 6, 6, 1, 2013, 0, '''O capitalismo é o sistema de organização econômica mais vilipendiado, difamado, criticado e caluniado que existe. Todos adoram detestar o livre mercado - de operários a intelectuais, de artistas a sacerdotes, de políticos a empresários. Mas o mais intrigante nessa história toda é que o capitalismo... funciona. Teorias socialistas e intervencionistas de toda sorte pretendem criar uma narrativa coerente para os males que acometem a civilização, e lidam com símbolos bastante convincentes - ''Existem muitos pobres porque alguns são ricos''. ''Existem patrões porque tantos outros não passam de empregados''. ''Existem criadores porque muitos fazem o serviço braçal e mecânico''. Nada mais verdadeiro e, paradoxalmente, nada mais falso. A economia não é conta de soma zero. O sistema de livre mercado - de trocas e cooperações voluntárias - é, tão somente, o exercício da liberdade de escolha, de empreendimento, de inventividade e diligência a serviço da sociedade humana. O capitalismo produziu muito mais riqueza e prosperidade do que todos os outros regimes que o antecederam, e essa riqueza teve como efeito uma margem ainda maior de liberdade e meios de ação para os mais pobres que, sabemos, inexistem nos países que adotaram as doutrinas marxistas. E o que mais me impressiona neste ensaio de Ludwig von Mises, ''A mentalidade anticapitalista'', talvez seja sua data de publicação - 1956. Se eu lesse este livro e desconhecesse o autor, e se me contassem que houvera sido publicado anteontem, eu nem desconfiaria. Os assuntos de que trata são atualíssimos. Bem como atualíssima é a clarividência com que o faz''. Gustavo Nogy', 0x[BLOB]);
